f y?
1
Let b = 44 + -33. Suppose 5*j = -4*h + 82, j + 3*h - 4*h = b. What is the units digit of j?
4
Let q = 78 + -74. Suppose 0 = -q*f + 108 + 56. What is the tens digit of f?
4
Let m(y) = -y**3 + 5*y**2 + 5. Let k be m(5). Let s be 1 - 2 - (-15)/(21/7). Suppose 0 = 4*u - k*u + s. What is the units digit of u?
4
Suppose -4*o = b - 0*b + 11, -2*o - 2 = 4*b. What is the tens digit of 6/(o + 142/(-92)*-2)?
6
Let n = 2921 + -1947. What is the tens digit of n?
7
Let x be (2/(-1))/(4/(-16)). Let j = x - 5. Let h(f) = 4*f**2 + f + 6. What is the tens digit of h(j)?
4
Let n = -3 + 17. What is the units digit of (8/n)/((-26)/(-91))?
2
Let f = -6 + 4. Let g be ((-198)/24)/11 + 9/12. What is the tens digit of (g + (-3 - f))*-16?
1
Suppose -2*w + 222 = 5*v, v + 5*w = -4*v + 210. What is the units digit of v?
6
What is the tens digit of (-748)/(-6) + 4/(-6)?
2
Let a = -1134 + 1339. What is the tens digit of a?
0
Let k = 1160 - 950. What is the units digit of k?
0
Suppose -14 = -5*y - 4. Let b be y/(-3) + 8/3. Suppose -d + 11 = -t, 3*d + 4*t = -b*d + 64. What is the tens digit of d?
1
Suppose -257 = -2*j - 3*y + 611, -5*y = 10. What is the units digit of ((-3)/(-1))/(19/j)?
9
Let q(m) = m**3 + 6*m**2 + 3*m - 7. Suppose 0 = -2*r - 1 - 9. Let a be q(r). Suppose -a*n + 8*n - 215 = 0. What is the units digit of n?
3
Suppose 65 + 271 = 4*t. Let a = t - 44. Suppose -20*v + a = -18*v. What is the units digit of v?
0
Suppose -8*s = -3*s - 90. Suppose 0 = -6*y + 4*y + 4*f + s, 0 = 5*f - 5. What is the units digit of y?
1
Let g = 49 - 46. Suppose v - 2*v + g*d = 8, 4*v = 4*d - 8. What is the units digit of v?
1
Let m be (0 + 16/(-12))/((-2)/366). Let z = -46 + m. What is the tens digit of z?
9
Let m = 361 + -120. Suppose -4*t - 4*v + 147 = -169, -3*t - 4*v + m = 0. What is the tens digit of t?
7
Let x = 52 + -34. Suppose -g + x = 5*k - 27, -4*g + 90 = 2*k. What is the units digit of g?
0
Let s = -74 + 42. Let i = 20 + s. Let r = i + 19. What is the units digit of r?
7
Suppose -5*s = f + 6, 4*f = 2*s - f + 24. Let x(d) = -23*d**3 - d**2 + 3*d + 1. What is the hundreds digit of x(s)?
1
Let h(u) = 5*u**2 - 18. Let z(b) = 9*b**2 + b - 36. Let t(q) = -7*h(q) + 4*z(q). Let x = 10 - 20. What is the units digit of t(x)?
2
Let u = -1524 + 6173. What is the tens digit of u?
4
Suppose 0 = 17*g - 3*g - 28. Suppose 31 = 2*q - 3*w, g*q + 2*q = w + 57. What is the tens digit of q?
1
Suppose 37040 = 23*s + 9417. What is the tens digit of s?
0
Let x(i) = 2069*i - 3. What is the tens digit of x(1)?
6
Let p(x) = 316*x + 48. What is the hundreds digit of p(3)?
9
Suppose -8 = -3*m - h, -2*m + 3*h - 7*h - 8 = 0. Suppose m*q + i - 76 = q, 5*q + i - 128 = 0. What is the units digit of (-1 + q)/(4/8)?
0
Let t = 412 + -268. What is the tens digit of t?
4
Let b = -108 + 60. What is the hundreds digit of ((-1696)/b)/(-1*(-1)/3)?
1
Suppose 3*x = -2*x + 25. Suppose s - x*s = 5*c - 4, -2*s = -5*c + 28. Suppose 5*o - 152 = c*z + 6, -3*o = 3*z - 84. What is the tens digit of o?
3
Suppose 2*j = -3*s + 4*j - 296, -s - j - 97 = 0. Let g = -32 - s. What is the tens digit of g?
6
Let v = -2583 + 7546. What is the tens digit of v?
6
Suppose -2*s - 124 = -132, -2983 = -5*n + 3*s. What is the hundreds digit of n?
5
Suppose 0 = 35*j - 87*j + 64844. What is the tens digit of j?
4
Suppose -2*z + 8 = -4. Suppose 2*u - z*u = -4. What is the units digit of 10 - (u - 4)/(-3)?
9
Let p = 12 + -20. What is the units digit of (2/3)/(p/(-24))?
2
Suppose 36*n - 47*n = -16335. What is the hundreds digit of n?
4
Let i be 1/(-2)*(12 + -2)*-1. Suppose 3*c - 4*d = c + 238, -3*d + 621 = i*c. What is the units digit of c?
3
Suppose 26 = 3*c - 5*j - 31, 65 = 4*c - 3*j. Let i be c/(-21) - (-257)/3. Suppose 0 = a + 14 - i. What is the tens digit of a?
7
Suppose -2*f + 919 = 4*o + o, -f - 2*o + 459 = 0. What is the hundreds digit of f?
4
Suppose 0 = -d + l + 3, 3*d + l = -2*l - 15. Suppose 36 = 8*f - 4*f. What is the units digit of d*f*(-1 + 0)?
9
Suppose 4*s - r + 5*r = -196, -2*r - 242 = 5*s. Let o = 61 + s. What is the tens digit of o?
1
Suppose 0 = -42*m + 33*m + 2169. What is the hundreds digit of m?
2
Let q(z) = 4*z - 4. Let u be q(2). Suppose -5*f + 5*y + 21 = -24, u*f - 37 = 5*y. What is the tens digit of (15/12)/(1/f)?
1
Let h be (-896)/(-12)*6/4. What is the tens digit of (91/28)/(2/h)?
8
Let r = -10 + 13. Let w be (r + -8)/((-2)/(-16)). What is the units digit of 18/(-6) - (w - 2)?
9
Let z(h) = h. Let l(w) = -2*w - 6. Let o(n) = l(n) + 6*z(n). Let g be o(5). Suppose -s - 3*t = -2*s + g, 0 = -t - 2. What is the units digit of s?
8
What is the tens digit of (1619 + -3)/1 + 8?
2
Let n = 288 - 32. What is the hundreds digit of n?
2
Let t(g) = -g**2 - 29*g - 106. Let h be t(-25). Suppose 0*b + 35 = 5*b. Let r = h + b. What is the units digit of r?
1
Suppose -5*j = 4*p - 43, -4*j + 31 = 3*p - 3. Let l(g) = 4*g + 0*g - 182 + 193. What is the units digit of l(j)?
9
Let b = 0 + 0. Suppose b*r = 2*r - 130. What is the tens digit of r?
6
What is the units digit of -2 + 5 + (-368)/(-8) + 10?
9
Let b = 6 + -2. Let o = b - 5. Let t = 30 + o. What is the units digit of t?
9
Let s be (-7)/(-2)*(-16)/(-28). Suppose -3*l + 5 = 2*a, -l - s*l = -3*a. Let c = l + 3. What is the units digit of c?
4
Let i(a) = -a**3 + 12*a**2 + 8*a - 2. Let g be i(9). Suppose g = 5*c - 92. Let d = c + -49. What is the tens digit of d?
3
Let g(y) = 29*y - 47. Let z be (-17)/(-2) - 6/12. What is the units digit of g(z)?
5
Let a = 2689 - 1497. What is the tens digit of a?
9
Suppose -4*o = -4*u + 256, 8*u - 229 = 4*u - 5*o. Let t = 212 - u. What is the hundreds digit of t?
1
Let i(k) be the first derivative of 3*k**5/20 - k**4/6 + 2*k**3/3 - 11*k**2/2 - 12. Let a(f) be the second derivative of i(f). What is the tens digit of a(2)?
3
Suppose x + 3*b + 5 = -b, 0 = 3*x - 3*b - 15. Suppose 0 = -2*i - h + 4*h + 16, -x*i + 3*h + 30 = 0. What is the tens digit of i?
1
Let m = 15 + -13. Suppose 3*u - 225 = -m*u. Suppose 3*z = u - 9. What is the tens digit of z?
1
Let t(s) = -2*s**3 - 16*s**2 - 9*s - 19. What is the units digit of t(-8)?
3
Let v(q) = -26*q - 32. Let h be v(-10). Suppose -2*a + h = 4*a. What is the tens digit of a?
3
Suppose 13632 = 6*s - 1212. What is the hundreds digit of s?
4
Suppose 79 = 7*c - 236. What is the units digit of c?
5
Let d(w) = w + 5. Let z be d(-5). Suppose z + 19 = y. What is the units digit of (y - 2 - 2) + 2?
7
Let o = 21 + 297. What is the units digit of o/(-24)*-4 - 0/(-1)?
3
Let p(h) = -h**2 + 5*h + 12. Let z be p(7). What is the units digit of (0 + -4)/(z/79)?
8
Suppose -72*o + 31590 = -18*o. What is the hundreds digit of o?
5
Suppose -4*c + c + 1320 = 0. Suppose 6*j = j + c. Suppose -2*t = -6*t + j. What is the units digit of t?
2
Let d(g) = 7*g**2 - 9*g + 18. What is the tens digit of d(-8)?
3
Let b(q) = q**2 - q - 1. Let r(a) = -148*a**2 - 6*a - 4. Let j(m) = 6*b(m) - r(m). What is the hundreds digit of j(1)?
1
Let u be 47/7 + (-2)/(-7). Let l = -4 + u. Suppose -l*x - 257 = -8*x - a, -4*x = 2*a - 202. What is the units digit of x?
2
Suppose 7*o = 6*o + 1665. Suppose -12*g - 117 + o = 0. What is the hundreds digit of g?
1
Suppose 0 = -v - 4, 2*v = 2*a - 0*a - 364. What is the tens digit of a?
7
Let f be 2/(3*(-2)/(-51)). Let o = f - 14. Suppose -o*z = -0*z - 63. What is the tens digit of z?
2
Let b(c) = 309*c**3 - 2*c**2 + 1. Let w be b(1). Suppose -4*u - 916 + 276 = -4*g, -5*u = -2*g + w. What is the tens digit of g?
6
Let w(v) = 42*v**3 + 39*v + 2 + 35*v - 76*v. What is the tens digit of w(1)?
4
Let a = 985 + -796. What is the tens digit of a?
8
Let f(o) = 2*o**2 - 2*o + 2. Let x be f(2). Let p = x - 6. Suppose p*l + l - 10 = 0. What is the units digit of l?
0
Let s = 2039 + -990. What is the hundreds digit of s?
0
Let j = 117 - -377. What is the hundreds digit of j?
4
Let y = 163 - 161. Suppose -2*m + 70 = y*u, 44 = -5*m - 3*u + 221. What is the units digit of m?
6
Suppose -14*g + 19*g - 415 = 0. Suppose -g*o + 190 = -81*o. What is the units digit of o?
5
Let f be 84/24*(-6)/(-7). Suppose -o + f*h = -70, -3*o + h + 66 = -2*o. What is the tens digit of o?
6
Let n(s) = 1 + 62*s**2 - 60*s**2 - 3*s - s + s**3. What is the units digit of n(-3)?
4
Suppose 3*k - 177 = 21. Let x = k + -56. What is the units digit of x?
0
Suppose